te the greatest common divisor of 945 and 580365.
135
Calculate the highest common factor of 73455 and 11990595.
1245
What is the greatest common divisor of 38236 and 3006366?
242
What is the highest common factor of 392472 and 2967?
69
Calculate the highest common divisor of 38 and 55055616.
38
Calculate the greatest common divisor of 11070 and 408852.
738
Calculate the highest common factor of 79604586 and 27.
27
What is the highest common divisor of 25579523 and 7?
1
What is the greatest common factor of 4671992 and 82999?
167
What is the greatest common divisor of 151003 and 3973?
29
Calculate the highest common factor of 178156 and 6512.
44
Calculate the highest common factor of 651162 and 85016346.
15882
Calculate the highest common factor of 357 and 699256716.
51
Calculate the highest common divisor of 1638 and 6783714.
126
What is the greatest common divisor of 96 and 672400?
16
What is the highest common factor of 17724 and 2036?
4
Calculate the highest common factor of 27082 and 4000750.
2462
Calculate the greatest common factor of 26727620 and 318860.
2980
Calculate the greatest common divisor of 44 and 6169801.
11
Calculate the highest common divisor of 270 and 3938058.
54
Calculate the highest common divisor of 20277748 and 2.
2
What is the greatest common divisor of 587082 and 30?
6
Calculate the greatest common divisor of 2226 and 662659.
53
What is the greatest common factor of 3117703 and 58?
29
Calculate the greatest common factor of 234 and 71019.
117
What is the highest common divisor of 324 and 181371060?
36
What is the greatest common divisor of 6477892 and 81?
1
What is the greatest common factor of 2259460 and 805?
35
Calculate the greatest common divisor of 26880431 and 741371.
7643
What is the greatest common factor of 33178 and 897058?
626
What is the highest common factor of 1077 and 219721283?
359
What is the greatest common factor of 3914 and 846089?
19
What is the highest common factor of 1225539 and 75852?
441
What is the highest common factor of 11 and 147602818?
11
What is the highest common divisor of 26432736 and 21120?
1056
What is the highest common factor of 42924437 and 29?
29
Calculate the greatest common divisor of 431 and 10848701.
431
What is the greatest common factor of 42841244 and 15844?
932
What is the greatest common factor of 6245356 and 481?
13
What is the greatest common factor of 1078472540 and 3980?
3980
What is the greatest common factor of 2570 and 2890?
10
Calculate the greatest common factor of 34239 and 2554026.
339
What is the highest common divisor of 37340732 and 208?
52
What is the greatest common factor of 291059215 and 4990?
2495
What is the greatest common divisor of 1825237 and 142739?
3037
Calculate the greatest common divisor of 26714 and 821066.
38
What is the highest common divisor of 292 and 227889502?
146
What is the greatest common divisor of 173640 and 9450?
30
Calculate the greatest common divisor of 113386 and 360542.
1274
What is the greatest common factor of 4498 and 19916?
26
What is the highest common divisor of 5038 and 286922802?
458
What is the highest common factor of 275630328 and 15012?
5004
What is the greatest common factor of 69504 and 83002256?
2896
Calculate the highest common factor of 16 and 89173816.
8
Calculate the greatest common factor of 112 and 88222984.
8
What is the highest common divisor of 128 and 6979556?
4
Calculate the greatest common factor of 3746 and 38132407.
1873
Calculate the greatest common factor of 27709675 and 350.
175
What is the greatest common factor of 11715 and 2181120?
1065
Calculate the greatest common factor of 130827004 and 1276.
1276
What is the greatest common factor of 5670 and 482265?
315
Calculate the highest common divisor of 78589966 and 1976.
494
What is the highest common factor of 6572425 and 275?
25
Calculate the highest common divisor of 4161 and 572337.
57
Calculate the greatest common divisor of 478578 and 2219910.
5766
What is the highest common factor of 183544 and 1038?
2
Calculate the greatest common divisor of 84 and 64626982.
14
What is the greatest common factor of 122 and 6735559?
61
What is the highest common factor of 160809 and 657030?
363
What is the highest common factor of 78003 and 496449?
729
What is the greatest common divisor of 33993232 and 4?
4
Calculate the highest common divisor of 896 and 111360896.
128
What is the greatest common divisor of 65986438 and 882?
98
What is the highest common factor of 442384 and 5181937?
643
What is the greatest common divisor of 459323 and 119?
17
Calculate the greatest common divisor of 131854 and 18.
2
What is the highest common divisor of 122 and 27651178?
122
Calculate the greatest common factor of 1310046 and 174.
174
Calculate the greatest common factor of 31588230 and 1128.
282
What is the greatest common divisor of 10676 and 7919708?
628
Calculate the highest common factor of 7592785 and 103115.
2515
What is the highest common factor of 8760 and 10465680?
120
What is the highest common factor of 104720 and 446250?
1190
What is the greatest common factor of 133690 and 38050?
10
What is the highest common divisor of 5109094 and 34?
2
Calculate the highest common factor of 1102752 and 25104.
48
Calculate the greatest common factor of 287 and 2110229.
41
What is the greatest common factor of 91530 and 970?
10
What is the greatest common factor of 6191794 and 280?
14
What is the greatest common factor of 38415 and 1674303?
591
What is the greatest common divisor of 4196411 and 67?
67
Calculate the highest common factor of 7154850 and 75.
75
What is the greatest common divisor of 1930 and 78830?
10
What is the highest common divisor of 40655492 and 52?
4
Calculate the greatest common factor of 54 and 49688991.
27
Calculate the highest common factor of 5594281 and 12804.
1067
What is the highest common factor of 618 and 1307271?
3
What is the greatest common divisor of 58 and 55799915?
29
Calculate the greatest common factor of 271190 and 12694.
1154
Calculate the highest common divisor of 56320 and 5644760.
440
What is the greatest common divisor of 1360562 and 1215494?
2198
Calculate the highest common factor of 110020704 and 192.
96
Calculate the highest common divisor of 493615161 and 13.
13
What is the greatest common divisor of 18131632 and 64?
16
Calculate the highest common divisor of 62 and 1288514938.
62
Calculate the highest common factor of 229047 and 6513.
39
Calculate the greatest common divisor of 38617428 and 48.
12
What is the greatest common divisor of 1002 and 295386?
6
Calculate the highest common factor of 42 and 1543148943.
21
What is the greatest common divisor of 390936 and 714?
42
Calculate the greatest common divisor of 31001193 and 36.
9
Calculate the highest common divisor of 20542863 and 19995.
3999
Calculate the highest common factor of 55877 and 552474.
787
What is the greatest common divisor of 5481 and 88885?
29
Calculate the highest common divisor of 838474 and 14631526.
3094
Calculate the highest common factor of 40 and 222133910.
10
What is the greatest common divisor of 11417403 and 344?
43
What is the highest common factor of 756 and 182882196?
252
Calculate the highest common divisor of 11466552 and 697.
41
Calculate the greatest common divisor of 3212440 and 8820.
980
Calculate the greatest common divisor of 43529550 and 1200.
150
Calculate the greatest common divisor of 107541 and 536760.
189
What is the greatest common divisor of 44 and 116897?
11
Calculate the greatest common factor of 354372362 and 7981.
7981
Calculate the highest common divisor of 487860 and 1692.
564
Calculate the greatest common factor of 3145 and 198560.
85
What is the highest common divisor of 12445484 and 44?
4
What is the highest common divisor of 4345 and 20804255?
395
What is the greatest common divisor of 30966711 and 488?
61
What is the greatest common factor of 156 and 51185381?
13
What is the greatest common factor of 3365 and 5126241?
673
Calculate the highest common divisor of 23486695 and 3470.
1735
What is the highest common factor of 150040 and 12375880?
4840
What is the greatest common divisor of 135 and 3071826?
9
What is the highest common factor of 9353169 and 491617?
6223
Calculate the greatest common divisor of 